se
Is 30484529 a composite number?
True
Is 2698439 a composite number?
True
Is 1460059 composite?
False
Is 1153948417 composite?
True
Is 9917797 a composite number?
True
Is 3542197 prime?
False
Is 10826389 a prime number?
False
Is 69070303 prime?
False
Is 5946917 a prime number?
False
Is 41015519 a composite number?
False
Is 28054777 a prime number?
False
Is 7465631 a composite number?
False
Is 141561163 a composite number?
False
Is 1061031 a composite number?
True
Is 170095703 prime?
False
Is 131530611 a prime number?
False
Is 6219571 a prime number?
False
Is 217865 a prime number?
False
Is 639161 prime?
False
Is 1155373 a composite number?
False
Is 80545649 a composite number?
True
Is 10112489 a composite number?
False
Is 12652037 composite?
True
Is 17545529 a prime number?
True
Is 66464843 a prime number?
True
Is 34781 composite?
False
Is 604990517 composite?
False
Is 26617307 composite?
True
Is 31203191 composite?
False
Is 1325399 a composite number?
False
Is 6309881 composite?
True
Is 14761247 prime?
True
Is 259987513 a prime number?
True
Is 156202 a prime number?
False
Is 82249571 a composite number?
False
Is 2733589 a composite number?
False
Is 3880669 prime?
False
Is 1591879 composite?
True
Is 307789309 prime?
True
Is 24935357 prime?
True
Is 1589143 a composite number?
True
Is 2239519 composite?
False
Is 62505319 a composite number?
True
Is 73378615 a composite number?
True
Is 1330187 a composite number?
True
Is 24927787 a composite number?
False
Is 579892809 a composite number?
True
Is 873511 prime?
False
Is 85964477 composite?
True
Is 270541091 a prime number?
True
Is 127807 a prime number?
True
Is 112820711 a prime number?
True
Is 1870369 a composite number?
False
Is 71650123 a prime number?
False
Is 110821723 composite?
True
Is 1281265759 a prime number?
True
Is 6189595 prime?
False
Is 2371 prime?
True
Is 718007 prime?
True
Is 324901 composite?
False
Is 55330851 prime?
False
Is 2040551 composite?
False
Is 193563233 a composite number?
False
Is 169318862 composite?
True
Is 2773891 composite?
False
Is 1031297 composite?
True
Is 11115821 composite?
False
Is 4839379 prime?
False
Is 364653403 a composite number?
True
Is 142999379 composite?
True
Is 680511995 prime?
False
Is 1686767 prime?
False
Is 3183161 a composite number?
True
Is 2346473 a prime number?
True
Is 3001946 prime?
False
Is 11002769 a composite number?
True
Is 60302029 a composite number?
True
Is 12635489 a prime number?
False
Is 22028899 a prime number?
True
Is 14504389 a prime number?
True
Is 443664223 composite?
False
Is 3818647 prime?
False
Is 1747189 composite?
True
Is 293627 a prime number?
False
Is 3647641 prime?
True
Is 89853787 a composite number?
True
Is 1030399 composite?
True
Is 106393 a prime number?
False
Is 14682127 composite?
True
Is 401981 a prime number?
True
Is 197623299 prime?
False
Is 270155423 prime?
True
Is 57208279 a prime number?
True
Is 141593743 prime?
False
Is 8951927 a composite number?
True
Is 52484647 a prime number?
False
Is 3155639 prime?
False
Is 7627273 prime?
True
Is 13212229 composite?
False
Is 12165577 composite?
True
Is 1328603 composite?
False
Is 44663279 a prime number?
True
Is 33368707 a composite number?
False
Is 107614909 a prime number?
True
Is 21337585 a prime number?
False
Is 42426967 a composite number?
True
Is 16338577 a composite number?
False
Is 128019209 composite?
True
Is 28011391 a composite number?
False
Is 404233 prime?
False
Is 3464809 a composite number?
True
Is 27775457 composite?
False
Is 60096917 prime?
False
Is 15218491 composite?
False
Is 12880367 prime?
False
Is 275279105 composite?
True
Is 10617583 prime?
False
Is 712207 prime?
False
Is 27492167 a prime number?
False
Is 65651987 prime?
True
Is 4308209 a prime number?
False
Is 35295943 prime?
True
Is 691223683 a prime number?
True
Is 90872245 prime?
False
Is 6809981 prime?
True
Is 3176603 prime?
False
Is 52033499 a prime number?
False
Is 8954221 composite?
False
Is 2223527 composite?
True
Is 325057 a prime number?
False
Is 615112693 a prime number?
False
Is 29846669 a prime number?
True
Is 1574023 prime?
False
Is 491430031 a composite number?
True
Is 459269 prime?
False
Is 4971823 a composite number?
False
Is 163171963 a composite number?
False
Is 8018474 a prime number?
False
Is 68543671 a prime number?
False
Is 548039 prime?
True
Is 97166479 a prime number?
True
Is 2680861 prime?
False
Is 65491087 composite?
False
Is 399026519 a prime number?
True
Is 41967721 a composite number?
False
Is 168391 a composite number?
False
Is 45945791 a prime number?
False
Is 1424453 a composite number?
True
Is 87076603 composite?
True
Is 453050327 a composite number?
False
Is 18778717 composite?
True
Is 2907137 prime?
True
Is 53373479 a composite number?
False
Is 6739453 prime?
False
Is 21361931 a composite number?
False
Is 73376621 composite?
False
Is 4539737 composite?
False
Is 25283411 a prime number?
False
Is 2048639 composite?
False
Is 65325485 a prime number?
False
Is 658897 a prime number?
True
Is 6522641 composite?
False
Is 869489 composite?
False
Is 295094821 a prime number?
False
Is 957647 prime?
False
Is 41280593 prime?
False
Is 963943 a prime number?
True
Is 235159 a prime number?
True
Is 160691585 a prime number?
False
Is 664757 a prime number?
True
Is 16766509 a prime number?
True
Is 577867 a composite number?
False
Is 14666 a prime number?
False
Is 13174151 a composite number?
False
Is 215900353 a composite number?
True
Is 1402003 a composite number?
False
Is 20509883 a composite number?
True
Is 24239294 composite?
True
Is 349302131 a composite number?
False
Is 102359201 prime?
False
Is 62861 a composite number?
False
Is 50654939 a prime number?
True
Is 52468723 a composite number?
True
Is 187667057 prime?
True
Is 6783701 a prime number?
True
Is 18899299 composite?
False
Is 8261621 a prime number?
True
Is 2710759 composite?
False
Is 18343073 a prime number?
False
Is 1060129093 prime?
True
Is 123978449 a prime number?
False
Is 15250691 a prime number?
True
Is 6717671 a prime number?
True
Is 98241961 prime?
False
Is 4255913 composite?
False
Is 757661 a composite number?
False
Is 3279949 composite?
False
Is 457141 a composite number?
True
Is 23649113 a prime number?
False
Is 123351509 composite?
False
Is 20982931 a composite number?
False
Is 5650427 composite?
False
Is 134255281 prime?
False
Is 15563963 a prime number?
True
Is 2904487 a composite number?
False
Is 19792439 prime?
True
Is 6587629 a prime number?
True
Is 1026119 a prime number?
True
Is 248973367 a prime number?
False
Is 154118113 prime?
True
Is 2144327 a composite number?
True
Is 38724117 composite?
True
Is 25354982 composite?
True
Is 44079811 prime?
False
Is 28601533 composite?
False
Is 625013 a prime number?
False
Is 8940689 composite?
True
Is 116683139 a prime number?
True
Is 366572981 a prime number?
True
Is 1057813 prime?
False
Is 3043199 a prime number?
False
Is 374809 a prime number?
False
Is 91865321 a prime number?
True
Is 13529441 prime?
True
Is 248985461 prime?
False
Is 3294583 prime?
False
Is 1713671 a composite number?
False
Is 13211509 a prime number?
False
Is 3973127 a composite number?
True
Is 31043171 composite?
True
Is 21775031 prime?
True
Is 1618811 prime?
False
Is 616681211 a prime number?
True
Is 6085433 composite?
False
Is 114610037 a composite number?
True
Is 5703911 prime?
False
Is 13927619 a composite number?
False
Is 1812178 a prime number?
False
Is 575476019 a prime number?
True
Is 11092351 composite?
False
Is 475475743 a composite number?
True
Is 158740789 a prime number?
True
Is 50675441 composite?
True
Is 147638774 prime?
False
Is 261167 a composite number?
False
Is 67679 composite?
False
Is 2518531 a prime number?
False
Is 44255567 composite?
True
Is 13680841 prime?
False
Is 9896351 composite?
False
Is 91027817 prime?
True
Is 359818721 composite?
True
Is 8213241 a composite number?
True
Is 14317337 composite?
False
Is 431989 a prime number?
False
Is 9193027 a prime number?
True
Is 5631331 a composite number?
True
Is 13742515 a prime number?
False
Is 5044381 a composite number?
True
Is 8305617 a composite number?
True
Is 1849567 prime?
False
Is 144361499 a prime number?
False
Is 847334387 a prime number?
True
Is 5061535 prime?
False
Is 26031659 a prime number?
True
I